f. Let w be 670/(-7) - (-4)/f. Let l = -64 - w. What are the prime factors of l?
2
Let j(t) = 18*t**2 + 99*t + 86. List the prime factors of j(-17).
5, 7, 103
Suppose -w + 6*w - 5*p = 2545, -2*p = -w + 506. List the prime factors of w.
2
Let n(l) = l**3 - 8*l**2 + 15*l + 20. What are the prime factors of n(11)?
2, 137
Let u = -105 - -17. Let w = 153 + u. What are the prime factors of w?
5, 13
Suppose -2*x + 138 = x. Suppose 10 = f + 3*a + 2*a, 5*f - 2*a + 85 = 0. Let g = f + x. List the prime factors of g.
31
Let t(o) be the second derivative of o**5/5 - o**4/4 + o**3 - 9*o**2/2 - 18*o. List the prime factors of t(4).
223
Let a(z) = -4*z - 2. Let t be a(2). Let y = t - -17. Suppose -4*q + 31 = y. What are the prime factors of q?
2, 3
Let p(b) = 9*b. Suppose -5*x + 5*c = -18 - 37, -x + 5*c + 23 = 0. Let v be p(x). List the prime factors of v/(6 + -3) - 0.
2, 3
Let i be (361/5 - -2) + (-1)/5. Suppose 17*q = 18*q - i. List the prime factors of q.
2, 37
Let v = -31 - -41. Let m(g) = g**2 - 1. What are the prime factors of m(v)?
3, 11
Suppose 21*w = 23*w - 1172. List the prime factors of w.
2, 293
Let o(x) = 7*x**2 - 19*x + 123. List the prime factors of o(7).
3, 37
Suppose -427 = -5*v - l, 5*v + 0*v = 5*l + 415. Suppose -2 - v = -4*s - i, -s - i = -18. Suppose s = f - 29. What are the prime factors of f?
2, 13
Let l(v) = 10 - 31*v**2 + 58*v**2 + 7*v + 8*v - 28*v**2. What are the prime factors of l(12)?
2, 23
Suppose 0 = l + 2*l - 369. Let x = l + -109. What are the prime factors of x?
2, 7
Let n(f) be the second derivative of -7/2*f**3 + 0 - 1/2*f**2 + 4*f. List the prime factors of n(-2).
41
Suppose 0 = 2*z + 6, 0 = 3*m - 11*z + 12*z + 7458. List the prime factors of m/(-28) - -6 - 1/(-4).
5, 19
Let s = 74 - 68. List the prime factors of 3/s - 123/(-6).
3, 7
Let v = 109 + 231. What are the prime factors of v?
2, 5, 17
Let r = -510 - -913. List the prime factors of r.
13, 31
Let l be (-140)/(-18) + (-4)/(-18). Suppose 3*j = 4 + l. Suppose -2*d = j*v - 36, d + 2*d + v = 34. What are the prime factors of d?
2, 5
Suppose 0*v + v - 4 = 0. Suppose -27*q = -30*q + 12. Suppose f - q*b = 77, 2*b = 2*f + v*b - 114. List the prime factors of f.
61
Let i(f) = -f**2 + 5*f - 11. Let w(j) = -4*j + 11. Let l(y) = -2*i(y) - 3*w(y). Let o be l(-8). Let x = -70 + o. What are the prime factors of x?
31
Suppose 5*x + 167 = 2*a - 6*a, -5*x - 173 = a. What are the prime factors of 12/(-28) - 2675/x?
2, 19
Let x(c) be the first derivative of -c**3/3 + 7*c**2 + 13*c + 6. Let w be x(15). List the prime factors of 35 - (-4 - 2)/w.
2
Let l(k) = k**2 + 28*k - 182. What are the prime factors of l(-64)?
2, 1061
Let w = -4910 + 9405. What are the prime factors of w?
5, 29, 31
List the prime factors of ((-36)/16 + 0)/((-3)/216).
2, 3
Let t(d) = d + 9. Let p be t(-9). Suppose p = -20*s + 11*s + 1575. List the prime factors of s.
5, 7
Let f = -8 + 13. Suppose -t = 5*h, -f*h - 120 = -t - 4*t. Suppose -3*b - t = -4*b. List the prime factors of b.
2, 5
Let u(f) = f**3 - 5*f**2 + f - 2. Let k be u(5). Suppose k*l + l = 152. Let p = -14 + l. What are the prime factors of p?
2, 3
Let q(m) = 2 + 4*m - 1 + 1 - 5*m. Let r be q(2). Suppose -2*d + 7*d - 55 = r. What are the prime factors of d?
11
Suppose 30*z - 33*z + 9 = 0. Let x(i) = -i**2 + i - 1. Let r(k) = 2*k**2 - 6*k + 2. Let a(d) = -r(d) - 5*x(d). List the prime factors of a(z).
3, 11
Suppose -722*k = -724*k + 228. List the prime factors of k.
2, 3, 19
Let h(p) = -p**3 + 27*p**2 + 16*p + 4. List the prime factors of h(26).
2, 137
Suppose -2*b - 11*d + 6*d = -2701, 4*b - 3*d - 5389 = 0. What are the prime factors of b?
2, 337
Suppose -9*l = 9 + 9. List the prime factors of (5/(-8)*l)/((-1)/(-24)).
2, 3, 5
Suppose -3*j + 924 = j. Suppose 0 = 9*o - j - 597. What are the prime factors of o?
2, 23
Let i = -43 + 31. Let g = i + 40. What are the prime factors of g?
2, 7
Let z be (-8)/28 + (-4)/(-14). Suppose -5*s + 58 + 42 = z. What are the prime factors of s?
2, 5
Let w = 83 + -78. Suppose -w*b = 0, b - 5*b = 4*o - 296. List the prime factors of o.
2, 37
List the prime factors of 15/15 - (-437 + -1).
439
Let f be 1 - 2 - (-9)/3. Suppose -40 = -2*v + 4*d - 6, -4*d = f*v - 18. Suppose -v*x - 90 = -16*x. What are the prime factors of x?
2, 3, 5
Let d = -182 + 886. What are the prime factors of d?
2, 11
Let a = -57 + 41. What are the prime factors of (-609)/(-12) + (-4)/a?
3, 17
What are the prime factors of (10/4)/((-35)/(-13524))?
2, 3, 7, 23
Let s(a) be the first derivative of 7*a**3/3 + 3*a**2 + 6*a - 2. Let f = -494 - -491. What are the prime factors of s(f)?
3, 17
Let h(m) = -m**2 + 18*m - 20. Let c be h(16). List the prime factors of (24/5)/(c/180).
2, 3
Let o(a) = -7*a + 22. Suppose 1 = 4*x + 29. List the prime factors of o(x).
71
Let m = 2550 + -1241. List the prime factors of m.
7, 11, 17
Suppose 2*k = -10, 0*k - 17 = t + 4*k. Let c(g) = 8*g**3 + t + 5*g**2 - 6*g**3 - g**3. List the prime factors of c(-5).
3
Let y(w) = w**2 - 8*w - 27. Let z(x) = -x + 18. Let g be z(7). Let k be y(g). Suppose 5*l = k*l - 6. List the prime factors of l.
2, 3
Suppose 14*y = -y + 15870. What are the prime factors of y?
2, 23
Suppose 99*q = 102*q. Let w = 4 + -2. Suppose -49 = -2*i - 3*b, w*i - b = -q*b + 69. List the prime factors of i.
2
Let a = 5389 - 2837. What are the prime factors of a?
2, 11, 29
Suppose 0 = 32*m - 26*m - 42. What are the prime factors of 5 + 0 + (m - -18)?
2, 3, 5
Let q = -150 - -150. List the prime factors of (q - (-3)/(-4)) + (-2342)/(-8).
2, 73
What are the prime factors of ((-4155)/40)/((-3)/4)*4?
2, 277
Suppose -k - k + 6 = 0. Suppose -3*v - 9 = 0, k*f - 5*v = 15 - 3. List the prime factors of ((-6)/(-8))/(f/(-4)).
3
Suppose 5*f = 15*f - 7290. What are the prime factors of f?
3
Let z(d) = -d**3 + 4*d**2 + 2*d. Let u be z(4). List the prime factors of 1686/3*((-28)/u)/(-7).
281
Suppose s + 34 = 3*s. Let i = 4 + 8. Let g = s + i. List the prime factors of g.
29
Suppose 2 = 50*m - 49*m. Suppose -q - 658 = -m*w - 3*w, -5*q = -2*w + 254. List the prime factors of w.
2, 3, 11
Suppose -4*x + 12 - 4 = 0, -x - 2 = -2*n. Suppose 2*k - 3*c = 124, n*c + 2*c + 296 = 5*k. List the prime factors of k.
2, 7
Suppose q - 4*w = -396 + 2162, -q + 5*w = -1767. List the prime factors of q.
2, 881
Let z(l) = 17*l**2 + l. Let n(q) = 18*q**2 + q - 1. Let r(h) = 3*h - 3. Let o be r(3). Let v(x) = o*z(x) - 5*n(x). What are the prime factors of v(-2)?
3, 17
Suppose -1299 = -3*g + 3*q - 0*q, -q + 1717 = 4*g. What are the prime factors of g?
2, 5, 43
Suppose 20538 = -57*o + 66*o. What are the prime factors of o?
2, 7, 163
Let u(a) = -2*a + 51. Let v be u(0). Let o = -22 + v. What are the prime factors of o?
29
Let y(d) = -d**2 - 2*d - 6. Let w be y(-3). What are the prime factors of ((-569)/w - -1) + 6/(-27)?
2
Let j be (-17 + 3)/((-2)/(-3)). Let h = 18 + j. What are the prime factors of ((-16)/h + -3)*9?
3, 7
Suppose 5*l - 5*w - 10 = 0, 2*w = -3*l - w. List the prime factors of 34 + -6 - l*-3.
31
Let q(l) = 40*l**2 - 3*l - 5. Suppose 0 = -0*x - 2*x - 4. Let y be q(x). Suppose -3*t = 5*v - y, 0*t = t + 3*v - 51. What are the prime factors of t?
3, 19
Let r(u) = -u**2 - 3*u - 2. Let j be r(-4). Let i(p) = -35*p - 1. List the prime factors of i(j).
11, 19
Let l(b) = -b**3 + 36*b**2 + 16*b + 40. Let u(h) = -7*h**2 - 3*h - 8. Let g(s) = 2*l(s) + 11*u(s). What are the prime factors of g(-5)?
2, 61
Suppose -2*m - 4592 = -5*o, -3*o + 2750 = -8*m + 12*m. List the prime factors of o.
2, 3, 17
Let v be 3 + 18/(-3) - -6. Suppose -v*n = -n - 300. List the prime factors of n.
2, 3, 5
Let r(x) = -13*x + 22. Let t be r(-11). Let k = 231 - t. List the prime factors of k.
2, 3, 11
Suppose -6*m + 1114 = -644. Suppose -2*j = -m + 13. What are the prime factors of j?
2, 5, 7
What are the prime factors of (-104940)/(-135) - 2/6?
3, 7, 37
Let x be (7/(-21))/(1/(-885)). Let u = x + -193. What are the prime factors of u?
2, 3, 17
Suppose 0 = -3*p + 2*k - 3 - 8, -2*p + 5*k - 22 = 0. Let c(b) = -73*b**3 - 1. What are the prime factors of c(p)?
2, 3
Suppose -3*r + 628 = 4*f, 5*f - 788 = -5*r + 2*r. List the prime factors of f.
2, 5
Let o = 82 + -77. Suppose 0 = -o*l - v + 1418, l + 2*v = -v + 292. What are the prime factors of l?
283
Suppose 4*a + s + 861 = 6*a, 3*a - 4*s - 12